 + 8*w**2 + 2*w - 5. Let k be b(-7). Let x be (-3 - 7)*94/(-4). List the prime factors of x/k - (-1)/6.
2
Let s(x) = -4*x**2 - 34*x + 13. What are the prime factors of s(-8)?
29
Let y = -112 - -172. Suppose -n = n + y. What are the prime factors of ((-44)/5)/(4/n)?
2, 3, 11
Suppose 4*i + 186 = 2*b, -5*b + 443 = -0*i + i. Suppose 499 - b = 5*g. Suppose s = -3*d + 23, 4*s - d = g + 23. List the prime factors of s.
2, 13
Let x(y) = 54*y - 32. Let v(f) = 2*f**2 + 15*f - 4. Let t be v(-8). List the prime factors of x(t).
2, 23
Suppose -s - 6 = -g, 2*g + 5 = -3*s - 3. Let h = s + -7. Let j(o) = -o + 3. What are the prime factors of j(h)?
2, 7
Let s be (2534/(-6))/7 - 2/3. Let h = -17 - s. List the prime factors of h.
2, 11
Let f(t) be the first derivative of 9*t**2/2 - 24*t - 15. What are the prime factors of f(6)?
2, 3, 5
Suppose 0 = -2*s - 5*s + 21. Suppose -k = 2*b - 59, 0*k - s*k - 5*b = -174. Let x = k - 17. List the prime factors of x.
2, 3
Let i(y) = y**3 + 14*y**2 - 28*y + 54. List the prime factors of i(-15).
3, 83
Suppose 0 = -3*g + 3, -3*g + 213 + 130 = -4*b. Let h = b - -151. What are the prime factors of h?
2, 3, 11
Let r = 2219 - -48. List the prime factors of r.
2267
Suppose 149 = -5*r + 2*g, 2*r - g + 71 = -4*g. What are the prime factors of (-5 + 0)/(1*1/r)?
5, 31
Suppose 3*l - 5*p - 2843 = 947, 4*l + p - 5015 = 0. List the prime factors of l.
5, 251
Suppose -13*x = -7*x - 2088. What are the prime factors of x?
2, 3, 29
Suppose 1166 = f - 4*c, -8*f + 3*c - 2277 = -10*f. What are the prime factors of f?
2, 3, 191
Let f = 1 + 5. Let a(w) = -2*w + 18. Let i be a(f). Suppose 115 = i*r - 59. List the prime factors of r.
29
Let k(p) = p**3 + 8*p**2 - 4*p + 10. Suppose 0 = 4*g - 5*d + 12, 3*g + 4*d + 11 = -29. What are the prime factors of k(g)?
2, 3, 7
Let t(h) = h**2 - 2*h - 5. Let m be t(4). Suppose -8*k - 36 = -20*k. Suppose -4*f = k*a - 52, -5*f = -2*a - m*a - 65. List the prime factors of f.
13
Let v = 2918 - 1357. Suppose 7*s = 14*s - v. What are the prime factors of s?
223
Let i(x) = -6*x**3 + 55*x**2 + 22*x - 12. Let y(f) = -16*f**3 + 164*f**2 + 65*f - 35. Let z(c) = -11*i(c) + 4*y(c). What are the prime factors of z(-25)?
167
Let h = 73 - 67. Suppose 0 = -4*q - c + 599, -3*q + 5*c - h*c + 448 = 0. List the prime factors of q.
151
Let o = -479 + 727. List the prime factors of o.
2, 31
Let t(p) = 4*p**2 - 9*p - 8. List the prime factors of t(12).
2, 5, 23
Let n = 2494 + 440. What are the prime factors of n?
2, 3, 163
Suppose 2*w - 24 = -4*d, -d - w = 4*d - 24. Suppose d*v = 27 - 7. Suppose -v*g = -g - 3*x - 37, 3*x = -5*g + 53. List the prime factors of g.
2, 5
What are the prime factors of -16 - -6 - -2451 - 11?
2, 3, 5
Suppose -8 = -2*h - 5*j, -2*j - 1 - 3 = -h. Let l = 432 - 414. Suppose 22 = h*t - l. List the prime factors of t.
2, 5
Let l = -4 + 6. Suppose -3 = -l*u + u. Let w(c) = -c**3 + 6*c**2 - 3*c + 1. What are the prime factors of w(u)?
19
Let l = -22554 + 11734. Let h be (-4)/18 - l/90. Suppose 5*u - u - h = 0. What are the prime factors of u?
2, 3, 5
Let n(b) be the first derivative of 9*b**4/2 - b**2 + 3*b - 4. List the prime factors of n(1).
19
Suppose 0 = 3*y + 5*f + 519 - 2641, 3*f = 4*y - 2839. What are the prime factors of y?
709
Suppose 53*m - 6809 = 42*m. What are the prime factors of m?
619
Let n(m) = -6*m + 5. Let a(w) = -6*w + 6. Let f(c) = -5*a(c) + 6*n(c). List the prime factors of f(-9).
2, 3
Suppose -5*p + 4*y - y = -17, 2*p - 5*y = 3. Suppose 3*h + 37 = -4*k, 3*k - p*h + 43 - 9 = 0. Let o = 20 + k. What are the prime factors of o?
2, 5
Let l(c) = 24*c**2 + 4*c + 5. What are the prime factors of l(3)?
233
Let t be 22*(4 + (-45)/10). Let z = 59 + t. List the prime factors of z.
2, 3
Let a(n) = -n**3 + 13*n**2 + 5*n - 9. What are the prime factors of a(10)?
11, 31
Let w be 23/5 - 18/30. Suppose f - 4*s = -f - w, -2*s = -4. Suppose 3*y - 201 = -3*l, -f*l + 4*l - y = 119. What are the prime factors of l?
2, 31
Suppose 15 = a - 6*a. Let u = a + 3. Suppose 0 = -c + 5*h + 41, u = c - 6*c - h + 205. What are the prime factors of c?
41
Suppose i - 154 - 83 = 0. What are the prime factors of i?
3, 79
Let k = -275 + 299. Suppose 4*n + 1 = -15. List the prime factors of n/k + 849/18.
47
Suppose -16416 = -2*n - 16*n. List the prime factors of (n/2)/(66/44).
2, 19
Let n(u) = u**2 + 4*u + 4. Let t(w) = 2*w - 2. Let h be t(6). Suppose 0 = -5*b - h, 0*l - l - 8 = 2*b. List the prime factors of n(l).
2
Suppose 4*d - 14429 = -5*g - 0*g, g = 5. List the prime factors of d.
13, 277
Suppose 2*x = 10, 2*x = 4*b - 3*x + 101. Let l = -16 - b. Suppose d + 12 = 5*v - 13, v + l*d = 21. What are the prime factors of v?
2, 3
Suppose 2*h = -2*f + 3*f + 196, -5*h + 491 = -2*f. What are the prime factors of h?
3, 11
Suppose 5*p + 2*m = 5450, -5*p - 2*m + 5450 = 2*m. What are the prime factors of p?
2, 5, 109
Suppose -4*l + 3*f + 247 = -2*l, -2*l - f = -243. Let h = l - 87. List the prime factors of h.
5, 7
Let j(k) = 14*k + 17. Let n be 10/8*(2 - -2). What are the prime factors of j(n)?
3, 29
Suppose -4*d + 16 = 0, 3*d - 75 = -5*n + 2*n. Suppose 3*w - 7 = 41. Suppose 10 = n*i - w*i. List the prime factors of i.
2
List the prime factors of 46220/20 - (-1 - 1 - 0).
3, 257
Suppose -j = 2*j. Suppose r + 41 - 1 = j. What are the prime factors of r/6*6/(-4)?
2, 5
List the prime factors of 64 - (4 - (1 - -6)).
67
List the prime factors of 19 + -16 + 1 + (1 - -469).
2, 3, 79
Let h(d) = 2*d**2 + 8*d + 9. Let y(r) = -r**2 + 1. Let a(f) = f**3 + 14*f**2 + 1. Let i(q) = -a(q) - 4*y(q). Let v be i(-10). List the prime factors of h(v).
19
Let z be (1 + (-3)/2)/((-28)/(-112)). What are the prime factors of (-15)/(-40)*108*z/(-3)?
3
Let l = 29 + -18. Let b = 19 - l. Suppose 3*t - 5*x - 22 = 0, 2*x = t - b + 2. List the prime factors of t.
2, 7
Let q(x) = 395*x**2 - 20*x - 77. What are the prime factors of q(-3)?
2, 29, 61
Let o be -30 - 0 - (-18)/(-18). Let g = -29 - o. Suppose 0 = -5*p - g*w + 30, -p + 0*w + 5*w = -33. List the prime factors of p.
2
Let p(y) = -y**2 + 27*y - 11. What are the prime factors of p(19)?
3, 47
Let b be 0*(20/4)/(-5). Suppose -2*q + 4 + b = 0. What are the prime factors of (q + -53)/(2 - 3)?
3, 17
Suppose 0 = -8*x + 12*x - 2060. What are the prime factors of x?
5, 103
Let o be (3 - 7) + 3 - -38. Let f = o + -14. List the prime factors of f.
23
Let s(j) = 7*j + 7. Let l(c) = 1. Let t(o) = 6*l(o) - s(o). Let p be t(-1). Suppose -150 = f - p*f. What are the prime factors of f?
2, 3, 5
Suppose -3*v + 559 = 4*z - 3*z, -5*v = 4*z - 2257. List the prime factors of z.
2, 71
Let u = 5 - 0. Suppose q = u, 3*q - 15 = -z - q. What are the prime factors of 11 - (-5)/(z/2)?
3
Suppose 3*u = 6197 + 160. List the prime factors of u.
13, 163
Suppose 364*a - 366*a + 2716 = 0. List the prime factors of a.
2, 7, 97
Let o(f) = -4*f**2 - f - 10. Let p(j) = -4*j**2 - j. Let t(d) = -d**2. Let s(v) = -p(v) + 5*t(v). Let y(u) = o(u) - 5*s(u). What are the prime factors of y(8)?
2, 3
Let k(q) = -1 - 26*q + 130*q - 37*q. What are the prime factors of k(1)?
2, 3, 11
Suppose -1 = 5*b + 4. Let m be 8*(b - -2)/2. Let w = 16 + m. List the prime factors of w.
2, 5
Suppose -37*r = -42*r + 1345. List the prime factors of r.
269
Let j = -21 - -26. Let c(u) = 27*u - 3. List the prime factors of c(j).
2, 3, 11
Suppose -5*c + 115 = -0. Suppose -5*n + 5*h = -320, -308 = -4*n - 3*h - 73. Suppose 3*l - n = c. List the prime factors of l.
2, 7
Suppose 0 = 2*w - 3*x - 10, 2*w - 5 - 9 = 2*x. Let r be 68/w + (-2)/11. Suppose -r = 3*d - 24. What are the prime factors of d?
2, 3
Let f(o) = -o**3 + 3*o**2 + 5*o + 17. List the prime factors of f(-10).
7, 181
Let l = -426 + 1079. List the prime factors of l.
653
Suppose -4 = -0*z + 2*z, -d + 100 = 4*z. Let x = d - 75. Suppose 5*k = 72 + x. List the prime factors of k.
3, 7
Let j(g) = 25*g - 39. What are the prime factors of j(14)?
311
Let a = -13 - -15. Suppose 5 = 5*o, 0*v + 1 = a*v + o. Suppose 2*q - 96 = -v*q. What are the prime factors of q?
2, 3
Suppose -289 = -i + 5*w, -5*i + 83 = 3*w - 1250. What are the prime factors of i?
269
Suppose -y - 90 - 155 = 0. Let a = -74 - y. What are the prime factors of a?
3, 19
Suppose 3942 = -5*u + m + 18184, -5*m = -15. What are the prime factors of u?
7, 11, 37
Suppose 0*p - p + 4